5 divide 12019044?
False
Does 230 divide 2287676600?
True
Is 30 a factor of 66022530?
True
Does 219 divide 8791242?
False
Is 165567610 a multiple of 981?
False
Does 575 divide 580684450?
True
Is 2735 a factor of 2302987605?
True
Is 1431 a factor of 1157242545?
True
Is 112 a factor of 15463392?
True
Does 9 divide 207048510?
True
Does 11 divide 82830627?
True
Does 156 divide 79800017?
False
Is 41957384 a multiple of 868?
True
Does 417 divide 291960048?
True
Does 181 divide 3029759?
True
Does 32 divide 643759?
False
Is 25444846 a multiple of 14?
True
Is 12630811 a multiple of 16?
False
Is 25469115 a multiple of 1505?
True
Does 66 divide 1140189281?
False
Is 1421 a factor of 2261930190?
False
Is 1016 a factor of 399342864?
True
Does 38 divide 22116503?
False
Does 15 divide 1979249?
False
Is 304640667 a multiple of 174?
False
Does 262 divide 529593700?
True
Is 8410 a factor of 504213470?
False
Does 14 divide 288990397?
False
Is 93210040 a multiple of 8?
True
Is 119232388 a multiple of 412?
True
Is 42631264 a multiple of 26?
True
Is 84 a factor of 135872940?
True
Is 649308 a multiple of 66?
True
Is 1600 a factor of 154587200?
True
Is 10298952 a multiple of 7?
False
Is 1265 a factor of 145885391?
False
Is 4095 a factor of 1735399575?
True
Is 22 a factor of 133504998?
True
Does 1189 divide 743484237?
False
Is 3020406 a multiple of 69?
True
Is 13157999 a multiple of 11?
False
Does 39 divide 23270247?
True
Is 264391944 a multiple of 41?
True
Does 5 divide 533684680?
True
Does 63 divide 58580739?
True
Is 2317004358 a multiple of 110?
False
Does 89 divide 100339482?
False
Does 227 divide 797662110?
True
Is 193 a factor of 604642?
False
Does 2062 divide 806332728?
True
Is 168 a factor of 26662436?
False
Is 2583866133 a multiple of 2891?
False
Is 23 a factor of 226598519?
False
Is 127 a factor of 240893473?
True
Does 13 divide 416519064?
True
Does 20 divide 34904307?
False
Is 16 a factor of 18075392?
True
Is 89307536 a multiple of 4?
True
Does 12 divide 893889479?
False
Is 315 a factor of 20825250?
False
Is 77 a factor of 141707629?
False
Is 1595 a factor of 48765226?
False
Is 4040504375 a multiple of 14?
False
Is 628209 a multiple of 159?
True
Does 12 divide 989205223?
False
Is 106490270 a multiple of 10?
True
Does 55 divide 87670?
True
Is 65 a factor of 23376015?
True
Does 23 divide 662398394?
False
Does 80 divide 1864480?
True
Is 730795111 a multiple of 6119?
False
Is 5677034 a multiple of 11?
True
Is 4016 a factor of 170808512?
True
Does 492 divide 767415696?
True
Is 114 a factor of 130309833?
False
Is 5958528231 a multiple of 19?
True
Does 64 divide 272583424?
True
Is 353 a factor of 168356643?
True
Does 5 divide 1919287307?
False
Is 71420296 a multiple of 135?
False
Is 32 a factor of 44354333?
False
Is 35004334 a multiple of 47?
False
Is 14 a factor of 21681758?
True
Does 105 divide 241537407?
False
Is 140 a factor of 3094980?
True
Does 8 divide 4763056048?
True
Is 54333200 a multiple of 328?
True
Is 10 a factor of 1520874807?
False
Is 81934860 a multiple of 58?
True
Is 925 a factor of 119194575?
True
Is 14207169 a multiple of 2507?
True
Does 1394 divide 943738?
True
Is 89 a factor of 5486757284?
False
Is 65 a factor of 54524860?
True
Is 30356169 a multiple of 78?
False
Is 1512004193 a multiple of 53?
True
Does 4 divide 117412?
True
Does 70 divide 6557460?
True
Is 10 a factor of 93403940?
True
Is 8 a factor of 16811736?
True
Is 251908923 a multiple of 749?
True
Does 46 divide 42545262?
True
Is 999014786 a multiple of 43?
True
Is 212 a factor of 34031086?
False
Is 60718209 a multiple of 7?
False
Does 13 divide 300179568?
True
Is 25 a factor of 64170417?
False
Is 116731941 a multiple of 8?
False
Does 937 divide 346062509?
False
Is 32730385 a multiple of 39?
False
Is 32032431 a multiple of 213?
True
Does 238 divide 448064954?
False
Is 4324124 a multiple of 15?
False
Is 105285384 a multiple of 4?
True
Does 1375 divide 2022721835?
False
Is 100238620 a multiple of 10?
True
Does 7 divide 544424006?
True
Is 21 a factor of 65462466?
False
Does 3321 divide 12058551?
True
Does 25 divide 372789549?
False
Does 1051 divide 21975359?
True
Is 4431485 a multiple of 6?
False
Is 1909857877 a multiple of 15?
False
Is 9 a factor of 160792308?
True
Does 3492 divide 1330452?
True
Is 1056 a factor of 17413440?
True
Is 13037449 a multiple of 2364?
False
Does 5 divide 180563591?
False
Is 81 a factor of 55232500?
False
Is 21 a factor of 2061352839?
True
Is 2465557402 a multiple of 154?
True
Is 493 a factor of 41546096?
True
Does 25 divide 519795819?
False
Does 16 divide 45989456?
True
Does 876 divide 133755420?
False
Is 1249 a factor of 45898252?
True
Is 1943 a factor of 226357764?
False
Is 20234717 a multiple of 50?
False
Is 11068492 a multiple of 3862?
True
Does 466 divide 18868064?
False
Is 223586852 even?
True
Is 11345442 a multiple of 362?
True
Is 2291997790 a multiple of 730?
True
Is 253760178 a multiple of 66?
False
Does 51 divide 1228720370?
False
Is 984826753 a multiple of 6835?
False
Does 221 divide 135434767?
True
Is 437292727 a multiple of 31?
True
Is 27345462 a multiple of 122?
False
Does 7 divide 22603931?
True
Is 28541484 a multiple of 2605?
False
Is 3700224718 a multiple of 314?
False
Is 1035955023 a multiple of 29?
True
Is 489393546 a multiple of 170?
False
Is 34 a factor of 44820841?
False
Is 339 a factor of 90726345?
False
Is 116403094 a multiple of 977?
False
Is 4910858 a multiple of 425?
False
Is 873009462 a multiple of 39?
True
Is 497127670 a multiple of 822?
False
Is 728720842 a multiple of 362?
True
Is 151772538 a multiple of 6?
True
Is 228 a factor of 49442484?
True
Is 139 a factor of 387928771?
False
Is 391277900 a multiple of 65?
True
Does 12 divide 7823120?
False
Is 32 a factor of 693769152?
True
Does 51 divide 26766298?
False
Is 33009661 a multiple of 16?
False
Is 109422327 a multiple of 1211?
True
Is 19893520 a multiple of 172?
True
Is 27 a factor of 89730207?
True
Does 24 divide 8803685?
False
Does 60 divide 188680714?
False
Is 11 a factor of 647471?
True
Is 57080550 a multiple of 1329?
True
Is 18 a factor of 15236026?
False
Is 76 a factor of 122788628?
False
Is 478526219 a multiple of 4649?
True
Does 68 divide 2387480?
True
Does 45 divide 1747181797?
False
Is 7 a factor of 157662659?
True
Is 1019147535 a multiple of 45?
True
Does 860 divide 169325411?
False
Is 342058837 a multiple of 24?
False
Is 16 a factor of 1373934606?
False
Is 10158236 a multiple of 16?
False
Is 28 a factor of 605174724?
True
Does 14 divide 47429023?
False
Is 1673 a factor of 1617185943?
False
Is 20130320 a multiple of 280?
True
Is 671974163 a multiple of 213?
False
Is 15 a factor of 48549920?
False
Does 26 divide 1124100770?
True
Does 93 divide 112438395?
True
Does 6249 divide 9403686?
False
Does 109 divide 193759109?
False
Does 45 divide 208469062?
False
Is 14526443 a multiple of 10?
False
Is 1546209508 a multiple of 459?
False
Is 190 a factor of 124683890?
True
Is 327 a factor of 1209405?
False
Is 1124 a factor of 16809231?
False
Is 62585956 a multiple of 17?
False
Does 11 divide 172252674?
True
Is 828151856 a multiple of 124?
True
Is 1139444 a multiple of 1249?
False
Is 1642 a factor of 111016684?
False
Is 432 a factor of 1269688480?
False
Is 1116 a factor of 2141623510?
False
Does 88 divide 1511065424?
True
Is 245742325 a multiple of 1127?
False
Is 1309187223 a multiple of 29?
True
Does 10705 divide 1277312579?
False
Is 1493698621 a multiple of 63?
False
Is 176 a factor of 97481120?
True
Is 73930014 a multiple of 758?
True
Does 195 divide 21056784?
False
Is 7 a factor of 34039225?
False
Is 358 a factor of 55846926?
True
Does 367 divide 1205778500?
True
Is 9575895 a multiple of 105?
True
Does 19 divide 2005104143?
True
Does 186 divide 2426139732?
True
Does 13 divide 1476671586?
True
Is 6 a factor of 67998?
True
Does 2232 divide 11781210?
False
Does 61 divide 26444598?
True
Is 10 a factor of 158803923?
False
Is 573307153 a multiple of 39?
False
Is 2632 a factor of 32413080?
True
Does 2766 divide 540186849?
False
Is 7930011 a multiple of 6?
False
Is 315719404 a multiple of 572?
True
Is 203 a factor of 128997332?
False
Does 1862 divide 642779539?
False
Is 4980945 a multiple of 300?
False
Is 910210756 a multiple of 3913?
True
Is 560 a factor of 629357120?
True
Is 13002 